{"id":365,"date":"2021-02-05T15:43:52","date_gmt":"2021-02-05T14:43:52","guid":{"rendered":"https:\/\/trt27.com\/?page_id=365"},"modified":"2021-02-05T15:43:52","modified_gmt":"2021-02-05T14:43:52","slug":"news-2","status":"publish","type":"page","link":"https:\/\/trt27.com\/index.php\/news-2\/","title":{"rendered":"News"},"content":{"rendered":"\n<p>Bonjour, voici le programme 2021, du TRT27 Bazar 2 la b\u00e9cane : participation \u00e0 la Coupe du Monde FIM d&rsquo;Endurance en totalit\u00e9. Avec des roulages au mois de mars et les Essais pr\u00e9-Mans les 30\/31 mars, les 24 Heures du Mans les 17\/18 avril 2021; les 8 Heures Oschersleben (Allemagne) le 23 mai 2021, le Bol d\u2019Or les 18 et 19 septembre 2021, les 12 Heures d\u2019Estoril (Portugal) 2021. Et la pr\u00e9sentation de nos pilotes: <a href=\"https:\/\/www.facebook.com\/DufourPaul19\/?__cft__[0]=AZX-lNzl5zy7DxM3ooS1WA70cFyZ81v7ThWKD5Y0jo3uXC3YtLMxfhiqi7WmeHvwQn8giHk2-D6QmiMuGY19WA1I2kOMvZk56KfEUVxppau8XaU8nQXk8Pu0ffywM5XSMAgX8vodowCCTEFiViqWjaq4WnjtOHj98BCMYep3CaKbS3r47Gr4colfdzgdzCJ5FP0&amp;__tn__=kK-R\">Paul Dufour<\/a>, <a href=\"https:\/\/www.facebook.com\/brunetlugardon\/?__cft__[0]=AZX-lNzl5zy7DxM3ooS1WA70cFyZ81v7ThWKD5Y0jo3uXC3YtLMxfhiqi7WmeHvwQn8giHk2-D6QmiMuGY19WA1I2kOMvZk56KfEUVxppau8XaU8nQXk8Pu0ffywM5XSMAgX8vodowCCTEFiViqWjaq4WnjtOHj98BCMYep3CaKbS3r47Gr4colfdzgdzCJ5FP0&amp;__tn__=kK-R\">Brunet-Lugardon comp\u00e9tition moto cyril et florian<\/a>, <a href=\"https:\/\/www.facebook.com\/clement.granzotto?__cft__[0]=AZX-lNzl5zy7DxM3ooS1WA70cFyZ81v7ThWKD5Y0jo3uXC3YtLMxfhiqi7WmeHvwQn8giHk2-D6QmiMuGY19WA1I2kOMvZk56KfEUVxppau8XaU8nQXk8Pu0ffywM5XSMAgX8vodowCCTEFiViqWjaq4WnjtOHj98BCMYep3CaKbS3r47Gr4colfdzgdzCJ5FP0&amp;__tn__=-]K-R\">Clement Granzotto<\/a>, Hugo Girardet (pilote de r\u00e9serve). Nous avons tous h\u00e2tes de nous retrouver avec l&rsquo;\u00e9quipe pour voir tout le travail effectu\u00e9 pour am\u00e9liorer les motos.<\/p>\n\n\n\n<div class=\"wp-block-jetpack-tiled-gallery aligncenter is-style-rectangular\"><div class=\"tiled-gallery__gallery\"><div class=\"tiled-gallery__row\"><div class=\"tiled-gallery__col\" style=\"flex-basis:35.34041324857656%\"><figure class=\"tiled-gallery__item\"><img data-attachment-id=\"358\" data-permalink=\"https:\/\/trt27.com\/ewc-calendrier-2019-2020-v4\/\" data-orig-file=\"https:\/\/i0.wp.com\/trt27.com\/wp-content\/uploads\/2021\/02\/2021-Calend-TRT27-scaled.jpg?fit=2560%2C1270&amp;ssl=1\" data-orig-size=\"2560,1270\" data-comments-opened=\"1\" data-image-meta=\"{&quot;aperture&quot;:&quot;0&quot;,&quot;credit&quot;:&quot;&quot;,&quot;camera&quot;:&quot;&quot;,&quot;caption&quot;:&quot;&quot;,&quot;created_timestamp&quot;:&quot;0&quot;,&quot;copyright&quot;:&quot;&quot;,&quot;focal_length&quot;:&quot;0&quot;,&quot;iso&quot;:&quot;0&quot;,&quot;shutter_speed&quot;:&quot;0&quot;,&quot;title&quot;:&quot;EWC-CALENDRIER-2019-2020-V4&quot;,&quot;orientation&quot;:&quot;1&quot;}\" data-image-title=\"Calendrier EWC2021\" data-image-description=\"&lt;p&gt;Calendrier EWC2021&lt;\/p&gt;\n\" data-image-caption=\"&lt;p&gt;Calendrier saison TRT27 en Superstock 2021&lt;\/p&gt;\n\" data-medium-file=\"https:\/\/i0.wp.com\/trt27.com\/wp-content\/uploads\/2021\/02\/2021-Calend-TRT27-scaled.jpg?fit=300%2C149&amp;ssl=1\" data-large-file=\"https:\/\/i0.wp.com\/trt27.com\/wp-content\/uploads\/2021\/02\/2021-Calend-TRT27-scaled.jpg?fit=840%2C417&amp;ssl=1\" decoding=\"async\" data-attachment-id=\"358\" data-permalink=\"https:\/\/trt27.com\/ewc-calendrier-2019-2020-v4\/\" data-orig-file=\"https:\/\/i0.wp.com\/trt27.com\/wp-content\/uploads\/2021\/02\/2021-Calend-TRT27-scaled.jpg?fit=2560%2C1270&amp;ssl=1\" data-orig-size=\"2560,1270\" data-comments-opened=\"1\" data-image-meta=\"{&quot;aperture&quot;:&quot;0&quot;,&quot;credit&quot;:&quot;&quot;,&quot;camera&quot;:&quot;&quot;,&quot;caption&quot;:&quot;&quot;,&quot;created_timestamp&quot;:&quot;0&quot;,&quot;copyright&quot;:&quot;&quot;,&quot;focal_length&quot;:&quot;0&quot;,&quot;iso&quot;:&quot;0&quot;,&quot;shutter_speed&quot;:&quot;0&quot;,&quot;title&quot;:&quot;EWC-CALENDRIER-2019-2020-V4&quot;,&quot;orientation&quot;:&quot;1&quot;}\" data-image-title=\"Calendrier EWC2021\" data-image-description=\"&lt;p&gt;Calendrier EWC2021&lt;\/p&gt;\n\" data-image-caption=\"&lt;p&gt;Calendrier saison TRT27 en Superstock 2021&lt;\/p&gt;\n\" data-medium-file=\"https:\/\/i0.wp.com\/trt27.com\/wp-content\/uploads\/2021\/02\/2021-Calend-TRT27-scaled.jpg?fit=300%2C149&amp;ssl=1\" data-large-file=\"https:\/\/i0.wp.com\/trt27.com\/wp-content\/uploads\/2021\/02\/2021-Calend-TRT27-scaled.jpg?fit=840%2C417&amp;ssl=1\" srcset=\"https:\/\/i2.wp.com\/trt27.com\/wp-content\/uploads\/2021\/02\/2021-Calend-TRT27-scaled.jpg?strip=info&#038;w=600&#038;ssl=1 600w,https:\/\/i2.wp.com\/trt27.com\/wp-content\/uploads\/2021\/02\/2021-Calend-TRT27-scaled.jpg?strip=info&#038;w=900&#038;ssl=1 900w,https:\/\/i2.wp.com\/trt27.com\/wp-content\/uploads\/2021\/02\/2021-Calend-TRT27-scaled.jpg?strip=info&#038;w=1200&#038;ssl=1 1200w,https:\/\/i2.wp.com\/trt27.com\/wp-content\/uploads\/2021\/02\/2021-Calend-TRT27-scaled.jpg?strip=info&#038;w=1500&#038;ssl=1 1500w,https:\/\/i2.wp.com\/trt27.com\/wp-content\/uploads\/2021\/02\/2021-Calend-TRT27-scaled.jpg?strip=info&#038;w=1800&#038;ssl=1 1800w,https:\/\/i2.wp.com\/trt27.com\/wp-content\/uploads\/2021\/02\/2021-Calend-TRT27-scaled.jpg?strip=info&#038;w=2000&#038;ssl=1 2000w\" alt=\"\" data-height=\"1270\" data-id=\"358\" data-link=\"https:\/\/trt27.com\/ewc-calendrier-2019-2020-v4\/\" data-url=\"https:\/\/trt27.com\/wp-content\/uploads\/2021\/02\/2021-Calend-TRT27-scaled.jpg\" data-width=\"2560\" src=\"https:\/\/i2.wp.com\/trt27.com\/wp-content\/uploads\/2021\/02\/2021-Calend-TRT27-scaled.jpg?ssl=1\" layout=\"responsive\"\/><\/figure><\/div><div class=\"tiled-gallery__col\" style=\"flex-basis:12.778024553755795%\"><figure class=\"tiled-gallery__item\"><img data-attachment-id=\"360\" data-permalink=\"https:\/\/trt27.com\/pilotes-4-24h-2021\/\" data-orig-file=\"https:\/\/i0.wp.com\/trt27.com\/wp-content\/uploads\/2021\/02\/Pilotes-4-24H-2021.jpg?fit=600%2C833&amp;ssl=1\" data-orig-size=\"600,833\" data-comments-opened=\"1\" data-image-meta=\"{&quot;aperture&quot;:&quot;0&quot;,&quot;credit&quot;:&quot;&quot;,&quot;camera&quot;:&quot;&quot;,&quot;caption&quot;:&quot;&quot;,&quot;created_timestamp&quot;:&quot;0&quot;,&quot;copyright&quot;:&quot;&quot;,&quot;focal_length&quot;:&quot;0&quot;,&quot;iso&quot;:&quot;0&quot;,&quot;shutter_speed&quot;:&quot;0&quot;,&quot;title&quot;:&quot;&quot;,&quot;orientation&quot;:&quot;1&quot;}\" data-image-title=\"Pilotes 4 24H 2021\" data-image-description=\"\" data-image-caption=\"&lt;p&gt;Paul Dufour; Cyril Brunet Lugardon; Cl\u00e9ment Granzotto; et Hugo Girardet (pilote de r\u00e9serve)&lt;\/p&gt;\n\" data-medium-file=\"https:\/\/i0.wp.com\/trt27.com\/wp-content\/uploads\/2021\/02\/Pilotes-4-24H-2021.jpg?fit=216%2C300&amp;ssl=1\" data-large-file=\"https:\/\/i0.wp.com\/trt27.com\/wp-content\/uploads\/2021\/02\/Pilotes-4-24H-2021.jpg?fit=600%2C833&amp;ssl=1\" decoding=\"async\" data-attachment-id=\"360\" data-permalink=\"https:\/\/trt27.com\/pilotes-4-24h-2021\/\" data-orig-file=\"https:\/\/i0.wp.com\/trt27.com\/wp-content\/uploads\/2021\/02\/Pilotes-4-24H-2021.jpg?fit=600%2C833&amp;ssl=1\" data-orig-size=\"600,833\" data-comments-opened=\"1\" data-image-meta=\"{&quot;aperture&quot;:&quot;0&quot;,&quot;credit&quot;:&quot;&quot;,&quot;camera&quot;:&quot;&quot;,&quot;caption&quot;:&quot;&quot;,&quot;created_timestamp&quot;:&quot;0&quot;,&quot;copyright&quot;:&quot;&quot;,&quot;focal_length&quot;:&quot;0&quot;,&quot;iso&quot;:&quot;0&quot;,&quot;shutter_speed&quot;:&quot;0&quot;,&quot;title&quot;:&quot;&quot;,&quot;orientation&quot;:&quot;1&quot;}\" data-image-title=\"Pilotes 4 24H 2021\" data-image-description=\"\" data-image-caption=\"&lt;p&gt;Paul Dufour; Cyril Brunet Lugardon; Cl\u00e9ment Granzotto; et Hugo Girardet (pilote de r\u00e9serve)&lt;\/p&gt;\n\" data-medium-file=\"https:\/\/i0.wp.com\/trt27.com\/wp-content\/uploads\/2021\/02\/Pilotes-4-24H-2021.jpg?fit=216%2C300&amp;ssl=1\" data-large-file=\"https:\/\/i0.wp.com\/trt27.com\/wp-content\/uploads\/2021\/02\/Pilotes-4-24H-2021.jpg?fit=600%2C833&amp;ssl=1\" srcset=\"https:\/\/i1.wp.com\/trt27.com\/wp-content\/uploads\/2021\/02\/Pilotes-4-24H-2021.jpg?strip=info&#038;w=600&#038;ssl=1 600w\" alt=\"\" data-height=\"833\" data-id=\"360\" data-link=\"https:\/\/trt27.com\/pilotes-4-24h-2021\/\" data-url=\"https:\/\/trt27.com\/wp-content\/uploads\/2021\/02\/Pilotes-4-24H-2021.jpg\" data-width=\"600\" src=\"https:\/\/i1.wp.com\/trt27.com\/wp-content\/uploads\/2021\/02\/Pilotes-4-24H-2021.jpg?ssl=1\" layout=\"responsive\"\/><\/figure><\/div><div class=\"tiled-gallery__col\" style=\"flex-basis:25.394667769848596%\"><figure class=\"tiled-gallery__item\"><img decoding=\"async\" srcset=\"https:\/\/i0.wp.com\/trt27.com\/wp-content\/uploads\/2021\/02\/Pilotes-24H-21b-scaled.jpg?strip=info&#038;w=600&#038;ssl=1 600w,https:\/\/i0.wp.com\/trt27.com\/wp-content\/uploads\/2021\/02\/Pilotes-24H-21b-scaled.jpg?strip=info&#038;w=900&#038;ssl=1 900w,https:\/\/i0.wp.com\/trt27.com\/wp-content\/uploads\/2021\/02\/Pilotes-24H-21b-scaled.jpg?strip=info&#038;w=1200&#038;ssl=1 1200w,https:\/\/i0.wp.com\/trt27.com\/wp-content\/uploads\/2021\/02\/Pilotes-24H-21b-scaled.jpg?strip=info&#038;w=1500&#038;ssl=1 1500w,https:\/\/i0.wp.com\/trt27.com\/wp-content\/uploads\/2021\/02\/Pilotes-24H-21b-scaled.jpg?strip=info&#038;w=1800&#038;ssl=1 1800w,https:\/\/i0.wp.com\/trt27.com\/wp-content\/uploads\/2021\/02\/Pilotes-24H-21b-scaled.jpg?strip=info&#038;w=2000&#038;ssl=1 2000w\" alt=\"\" data-height=\"1772\" data-id=\"361\" data-link=\"https:\/\/trt27.com\/pilotes-24h-21b\/\" data-url=\"https:\/\/trt27.com\/wp-content\/uploads\/2021\/02\/Pilotes-24H-21b-scaled.jpg\" data-width=\"2560\" src=\"https:\/\/i0.wp.com\/trt27.com\/wp-content\/uploads\/2021\/02\/Pilotes-24H-21b-scaled.jpg?ssl=1\" layout=\"responsive\"\/><\/figure><\/div><div class=\"tiled-gallery__col\" style=\"flex-basis:26.486894427819045%\"><figure class=\"tiled-gallery__item\"><img data-attachment-id=\"359\" data-permalink=\"https:\/\/trt27.com\/affiche-24h21\/\" data-orig-file=\"https:\/\/i0.wp.com\/trt27.com\/wp-content\/uploads\/2021\/02\/affiche-24H21.jpg?fit=814%2C540&amp;ssl=1\" data-orig-size=\"814,540\" data-comments-opened=\"1\" data-image-meta=\"{&quot;aperture&quot;:&quot;0&quot;,&quot;credit&quot;:&quot;&quot;,&quot;camera&quot;:&quot;&quot;,&quot;caption&quot;:&quot;&quot;,&quot;created_timestamp&quot;:&quot;0&quot;,&quot;copyright&quot;:&quot;&quot;,&quot;focal_length&quot;:&quot;0&quot;,&quot;iso&quot;:&quot;0&quot;,&quot;shutter_speed&quot;:&quot;0&quot;,&quot;title&quot;:&quot;&quot;,&quot;orientation&quot;:&quot;0&quot;}\" data-image-title=\"affiche 24H21\" data-image-description=\"\" data-image-caption=\"&lt;p&gt;24H du Mans 17-18 avril 2021 \u00e0 Huis clos &lt;\/p&gt;\n\" data-medium-file=\"https:\/\/i0.wp.com\/trt27.com\/wp-content\/uploads\/2021\/02\/affiche-24H21.jpg?fit=300%2C199&amp;ssl=1\" data-large-file=\"https:\/\/i0.wp.com\/trt27.com\/wp-content\/uploads\/2021\/02\/affiche-24H21.jpg?fit=814%2C540&amp;ssl=1\" decoding=\"async\" data-attachment-id=\"359\" data-permalink=\"https:\/\/trt27.com\/affiche-24h21\/\" data-orig-file=\"https:\/\/i0.wp.com\/trt27.com\/wp-content\/uploads\/2021\/02\/affiche-24H21.jpg?fit=814%2C540&amp;ssl=1\" data-orig-size=\"814,540\" data-comments-opened=\"1\" data-image-meta=\"{&quot;aperture&quot;:&quot;0&quot;,&quot;credit&quot;:&quot;&quot;,&quot;camera&quot;:&quot;&quot;,&quot;caption&quot;:&quot;&quot;,&quot;created_timestamp&quot;:&quot;0&quot;,&quot;copyright&quot;:&quot;&quot;,&quot;focal_length&quot;:&quot;0&quot;,&quot;iso&quot;:&quot;0&quot;,&quot;shutter_speed&quot;:&quot;0&quot;,&quot;title&quot;:&quot;&quot;,&quot;orientation&quot;:&quot;0&quot;}\" data-image-title=\"affiche 24H21\" data-image-description=\"\" data-image-caption=\"&lt;p&gt;24H du Mans 17-18 avril 2021 \u00e0 Huis clos &lt;\/p&gt;\n\" data-medium-file=\"https:\/\/i0.wp.com\/trt27.com\/wp-content\/uploads\/2021\/02\/affiche-24H21.jpg?fit=300%2C199&amp;ssl=1\" data-large-file=\"https:\/\/i0.wp.com\/trt27.com\/wp-content\/uploads\/2021\/02\/affiche-24H21.jpg?fit=814%2C540&amp;ssl=1\" srcset=\"https:\/\/i1.wp.com\/trt27.com\/wp-content\/uploads\/2021\/02\/affiche-24H21.jpg?strip=info&#038;w=600&#038;ssl=1 600w,https:\/\/i1.wp.com\/trt27.com\/wp-content\/uploads\/2021\/02\/affiche-24H21.jpg?strip=info&#038;w=814&#038;ssl=1 814w\" alt=\"\" data-height=\"540\" data-id=\"359\" data-link=\"https:\/\/trt27.com\/affiche-24h21\/\" data-url=\"https:\/\/trt27.com\/wp-content\/uploads\/2021\/02\/affiche-24H21.jpg\" data-width=\"814\" src=\"https:\/\/i1.wp.com\/trt27.com\/wp-content\/uploads\/2021\/02\/affiche-24H21.jpg?ssl=1\" layout=\"responsive\"\/><\/figure><\/div><\/div><\/div><\/div>\n","protected":false},"excerpt":{"rendered":"<p>Bonjour, voici le programme 2021, du TRT27 Bazar 2 la b\u00e9cane : participation \u00e0 la Coupe du Monde FIM d&rsquo;Endurance en totalit\u00e9. Avec des roulages au mois de mars et les Essais pr\u00e9-Mans les 30\/31 mars, les 24 Heures du Mans les 17\/18 avril 2021; les 8 Heures Oschersleben (Allemagne) le 23 mai 2021, le &hellip; <a href=\"https:\/\/trt27.com\/index.php\/news-2\/\" class=\"more-link\">Continuer la lecture<span class=\"screen-reader-text\"> de &laquo;&nbsp;News&nbsp;&raquo;<\/span><\/a><\/p>\n","protected":false},"author":2,"featured_media":0,"parent":0,"menu_order":0,"comment_status":"closed","ping_status":"closed","template":"","meta":{"jetpack_post_was_ever_published":false},"jetpack_sharing_enabled":true,"jetpack_shortlink":"https:\/\/wp.me\/P8fPLR-5T","jetpack-related-posts":[{"id":356,"url":"https:\/\/trt27.com\/index.php\/news\/","url_meta":{"origin":365,"position":0},"title":"News","author":"Eric Tan\u00e9sie","date":"5 f\u00e9vrier 2021","format":false,"excerpt":"News Saison 2021 Bonjour, voici le programme 2021, du TRT27 Bazar 2 la b\u00e9cane : participation \u00e0 la Coupe du Monde FIM d'Endurance en totalit\u00e9. Avec des roulages au mois de mars et les Essais pr\u00e9-Mans les 30\/31 mars, les 24 Heures du Mans les 17\/18 avril 2021; les 8\u2026","rel":"","context":"Article similaire","block_context":{"text":"Article similaire","link":""},"img":{"alt_text":"","src":"https:\/\/i0.wp.com\/trt27.com\/wp-content\/uploads\/2021\/02\/2021-Calend-TRT27-scaled.jpg?resize=350%2C200&ssl=1","width":350,"height":200,"srcset":"https:\/\/i0.wp.com\/trt27.com\/wp-content\/uploads\/2021\/02\/2021-Calend-TRT27-scaled.jpg?resize=350%2C200&ssl=1 1x, https:\/\/i0.wp.com\/trt27.com\/wp-content\/uploads\/2021\/02\/2021-Calend-TRT27-scaled.jpg?resize=525%2C300&ssl=1 1.5x, https:\/\/i0.wp.com\/trt27.com\/wp-content\/uploads\/2021\/02\/2021-Calend-TRT27-scaled.jpg?resize=700%2C400&ssl=1 2x, https:\/\/i0.wp.com\/trt27.com\/wp-content\/uploads\/2021\/02\/2021-Calend-TRT27-scaled.jpg?resize=1050%2C600&ssl=1 3x, https:\/\/i0.wp.com\/trt27.com\/wp-content\/uploads\/2021\/02\/2021-Calend-TRT27-scaled.jpg?resize=1400%2C800&ssl=1 4x"},"classes":[]},{"id":272,"url":"https:\/\/trt27.com\/index.php\/compte-rendu\/","url_meta":{"origin":365,"position":1},"title":"Compte rendu","author":"Eric Tan\u00e9sie","date":"25 novembre 2019","format":false,"excerpt":"Equipe Bol d'Or 2019 Retour sur cette semaine sur le circuit du Castellet. Content de retrouver nos pilotes Thibaud, Julien, Philippe et K\u00e9vin. Nous profiterons des essais pour am\u00e9liorer le ch\u00e2ssis avec l\u2019aide de FP engineering ainsi que l\u2019\u00e9lectronique avec Manu d\u2019Univers racing et Phil de BCR. Pour les qualifications\u2026","rel":"","context":"Article similaire","block_context":{"text":"Article similaire","link":""},"img":{"alt_text":"","src":"https:\/\/i0.wp.com\/trt27.com\/wp-content\/uploads\/2019\/11\/Team-bol.jpg?resize=350%2C200&ssl=1","width":350,"height":200,"srcset":"https:\/\/i0.wp.com\/trt27.com\/wp-content\/uploads\/2019\/11\/Team-bol.jpg?resize=350%2C200&ssl=1 1x, https:\/\/i0.wp.com\/trt27.com\/wp-content\/uploads\/2019\/11\/Team-bol.jpg?resize=525%2C300&ssl=1 1.5x, https:\/\/i0.wp.com\/trt27.com\/wp-content\/uploads\/2019\/11\/Team-bol.jpg?resize=700%2C400&ssl=1 2x, https:\/\/i0.wp.com\/trt27.com\/wp-content\/uploads\/2019\/11\/Team-bol.jpg?resize=1050%2C600&ssl=1 3x, https:\/\/i0.wp.com\/trt27.com\/wp-content\/uploads\/2019\/11\/Team-bol.jpg?resize=1400%2C800&ssl=1 4x"},"classes":[]},{"id":413,"url":"https:\/\/trt27.com\/index.php\/photos-24-heures-de-spa-francorchamps-2022\/","url_meta":{"origin":365,"position":2},"title":"Photos 24 Heures de Spa Francorchamps 2022","author":"Eric Tan\u00e9sie","date":"27 juin 2022","format":false,"excerpt":"Gian Mertens Gian Bianco les 3 pilotes David Shoubridge","rel":"","context":"Article similaire","block_context":{"text":"Article similaire","link":""},"img":{"alt_text":"","src":"https:\/\/i0.wp.com\/trt27.com\/wp-content\/uploads\/2022\/06\/Team-24H-Spa-22-p-scaled.jpg?resize=350%2C200&ssl=1","width":350,"height":200},"classes":[]}],"_links":{"self":[{"href":"https:\/\/trt27.com\/index.php\/wp-json\/wp\/v2\/pages\/365"}],"collection":[{"href":"https:\/\/trt27.com\/index.php\/wp-json\/wp\/v2\/pages"}],"about":[{"href":"https:\/\/trt27.com\/index.php\/wp-json\/wp\/v2\/types\/page"}],"author":[{"embeddable":true,"href":"https:\/\/trt27.com\/index.php\/wp-json\/wp\/v2\/users\/2"}],"replies":[{"embeddable":true,"href":"https:\/\/trt27.com\/index.php\/wp-json\/wp\/v2\/comments?post=365"}],"version-history":[{"count":2,"href":"https:\/\/trt27.com\/index.php\/wp-json\/wp\/v2\/pages\/365\/revisions"}],"predecessor-version":[{"id":367,"href":"https:\/\/trt27.com\/index.php\/wp-json\/wp\/v2\/pages\/365\/revisions\/367"}],"wp:attachment":[{"href":"https:\/\/trt27.com\/index.php\/wp-json\/wp\/v2\/media?parent=365"}],"curies":[{"name":"wp","href":"https:\/\/api.w.org\/{rel}","templated":true}]}}